{"id":348,"date":"2020-02-25T21:45:36","date_gmt":"2020-02-25T20:45:36","guid":{"rendered":"http:\/\/ksdartagnan.pl\/?page_id=348"},"modified":"2023-07-03T15:55:15","modified_gmt":"2023-07-03T13:55:15","slug":"szkolenia","status":"publish","type":"page","link":"https:\/\/ksdartagnan.pl\/?page_id=348","title":{"rendered":"Szkolenia"},"content":{"rendered":"\n<p class=\"has-text-align-left has-very-light-gray-background-color has-background has-normal-font-size\">Miasto Sto\u0142eczne Warszawa wsp\u00f3\u0142finansuje nast\u0119puj\u0105ce szkolenia realizowane przez Klub Sportowy d&#8217;Artagnan Ursyn\u00f3w:<\/p>\n\n\n\n<ul class=\"wp-block-list\">\n<li>Szkolenie i wsp\u00f3\u0142zawodnictwo sportowe dzieci i m\u0142odzie\u017cy.<\/li>\n<\/ul>\n\n\n\n<figure class=\"wp-block-image size-large\"><img fetchpriority=\"high\" decoding=\"async\" width=\"1583\" height=\"990\" src=\"https:\/\/ksdartagnan.pl\/wp-content\/uploads\/2023\/07\/Warszawa-znak-RGB-kolorowy-projekt_wspolfinansuje.svg\" alt=\"\" class=\"wp-image-975\"\/><\/figure>\n\n\n\n<p class=\"has-very-light-gray-background-color has-background\">Dzielnica Ursyn\u00f3w wsp\u00f3\u0142finansuje nast\u0119puj\u0105ce szkolenia realizowane przez Klub Sportowy d&#8217;Artagnan Ursyn\u00f3w:<\/p>\n\n\n\n<ul class=\"wp-block-list\">\n<li>Szkolenie sportowe dzieci i m\u0142odzie\u017cy. Szkolenie podstawowe z floretu.<\/li>\n\n\n\n<li>Szkolenie sportowe dzieci i m\u0142odzie\u017cy. Szkolenie zasadnicze z floretu: obozy i wsp\u00f3\u0142zawodnictwo.<\/li>\n<\/ul>\n\n\n\n<p><\/p>\n\n\n\n<figure class=\"wp-block-image size-large\"><img decoding=\"async\" width=\"1757\" height=\"1320\" src=\"https:\/\/ksdartagnan.pl\/wp-content\/uploads\/2023\/07\/Warszawa_znak_RGB_kolorowy_wspolfinansuje_Ursynow.svg\" alt=\"\" class=\"wp-image-996\"\/><\/figure>\n\n\n\n<p><\/p>\n","protected":false},"excerpt":{"rendered":"<p>Miasto Sto\u0142eczne Warszawa wsp\u00f3\u0142finansuje nast\u0119puj\u0105ce szkolenia realizowane przez Klub Sportowy d&#8217;Artagnan Ursyn\u00f3w: Dzielnica Ursyn\u00f3w wsp\u00f3\u0142finansuje nast\u0119puj\u0105ce szkolenia realizowane przez Klub Sportowy d&#8217;Artagnan Ursyn\u00f3w:<\/p>\n","protected":false},"author":1,"featured_media":0,"parent":0,"menu_order":0,"comment_status":"closed","ping_status":"closed","template":"page-templates\/page_fullwidth.php","meta":{"footnotes":""},"class_list":["post-348","page","type-page","status-publish","hentry"],"_links":{"self":[{"href":"https:\/\/ksdartagnan.pl\/index.php?rest_route=\/wp\/v2\/pages\/348","targetHints":{"allow":["GET"]}}],"collection":[{"href":"https:\/\/ksdartagnan.pl\/index.php?rest_route=\/wp\/v2\/pages"}],"about":[{"href":"https:\/\/ksdartagnan.pl\/index.php?rest_route=\/wp\/v2\/types\/page"}],"author":[{"embeddable":true,"href":"https:\/\/ksdartagnan.pl\/index.php?rest_route=\/wp\/v2\/users\/1"}],"replies":[{"embeddable":true,"href":"https:\/\/ksdartagnan.pl\/index.php?rest_route=%2Fwp%2Fv2%2Fcomments&post=348"}],"version-history":[{"count":29,"href":"https:\/\/ksdartagnan.pl\/index.php?rest_route=\/wp\/v2\/pages\/348\/revisions"}],"predecessor-version":[{"id":1000,"href":"https:\/\/ksdartagnan.pl\/index.php?rest_route=\/wp\/v2\/pages\/348\/revisions\/1000"}],"wp:attachment":[{"href":"https:\/\/ksdartagnan.pl\/index.php?rest_route=%2Fwp%2Fv2%2Fmedia&parent=348"}],"curies":[{"name":"wp","href":"https:\/\/api.w.org\/{rel}","templated":true}]}}